720 and 140?
20
What is the greatest common factor of 4341 and 72?
3
What is the greatest common divisor of 7035 and 9744?
21
Calculate the greatest common divisor of 1767 and 4579.
19
What is the greatest common divisor of 82585 and 125?
5
What is the highest common divisor of 3 and 15873?
3
Calculate the highest common divisor of 104690 and 50.
10
Calculate the highest common divisor of 19896 and 216.
24
Calculate the highest common divisor of 14933475 and 155.
155
What is the greatest common factor of 9394 and 29106?
154
What is the highest common divisor of 45577 and 1190?
119
Calculate the highest common factor of 416279 and 521.
521
What is the highest common divisor of 6390 and 815?
5
What is the highest common factor of 829998 and 468?
234
What is the greatest common factor of 126792 and 104?
8
What is the greatest common divisor of 280 and 686?
14
What is the highest common factor of 273 and 78806?
91
Calculate the greatest common factor of 17347 and 209.
209
What is the highest common divisor of 125 and 43475?
25
Calculate the highest common factor of 4308 and 2916.
12
What is the highest common divisor of 2232426 and 322?
322
What is the highest common divisor of 9104194 and 44?
22
Calculate the greatest common divisor of 169 and 871.
13
Calculate the highest common factor of 71592 and 672.
24
Calculate the greatest common divisor of 281155 and 831.
277
Calculate the greatest common divisor of 521516 and 12.
4
Calculate the highest common divisor of 2716 and 56260.
388
Calculate the greatest common factor of 18 and 1317168.
18
Calculate the highest common factor of 4848 and 528.
48
Calculate the highest common divisor of 840600 and 144.
72
What is the highest common divisor of 9482 and 1474?
22
What is the highest common divisor of 688866 and 4218?
222
What is the greatest common factor of 247 and 49127?
13
Calculate the highest common factor of 260 and 11635.
65
Calculate the greatest common divisor of 656 and 1413557.
41
Calculate the greatest common factor of 391 and 529.
23
What is the greatest common factor of 234107 and 47?
47
Calculate the highest common divisor of 789320 and 840.
280
What is the highest common factor of 14976 and 1088?
64
What is the highest common divisor of 1225 and 84275?
25
Calculate the highest common divisor of 183 and 23424.
183
What is the greatest common factor of 5376 and 88368?
336
Calculate the greatest common factor of 611168 and 1704.
568
What is the highest common factor of 4550 and 4186?
182
What is the greatest common divisor of 209344 and 64?
64
What is the highest common factor of 180 and 15908?
4
What is the highest common factor of 535402 and 501?
167
Calculate the highest common factor of 218336 and 224.
32
What is the greatest common divisor of 456 and 261592?
152
What is the greatest common divisor of 56595 and 660?
165
What is the greatest common divisor of 15432 and 120?
24
Calculate the greatest common factor of 43728 and 1272.
24
What is the highest common divisor of 23175 and 225?
225
Calculate the highest common divisor of 43046 and 2.
2
Calculate the greatest common factor of 5350188 and 1098.
366
What is the greatest common factor of 227414 and 18?
2
What is the highest common divisor of 379061 and 83?
83
What is the greatest common factor of 1005567 and 51?
51
What is the highest common divisor of 1209 and 42501?
93
Calculate the highest common factor of 1040 and 848.
16
What is the greatest common factor of 126 and 41643?
63
Calculate the greatest common divisor of 1010758 and 9198.
1022
What is the greatest common factor of 1850 and 631590?
370
What is the highest common factor of 6549 and 75048?
177
Calculate the highest common factor of 1 and 3361.
1
Calculate the greatest common factor of 337948 and 536.
268
What is the greatest common divisor of 429 and 6600?
33
Calculate the greatest common factor of 16 and 12143312.
16
Calculate the greatest common factor of 102134 and 3568.
446
Calculate the greatest common factor of 1615 and 187.
17
What is the greatest common factor of 330508 and 901?
53
Calculate the highest common factor of 4131 and 1207.
17
What is the highest common divisor of 635 and 1143?
127
Calculate the highest common divisor of 6240 and 84.
12
What is the greatest common factor of 1169 and 25158?
7
Calculate the highest common factor of 18 and 12204198.
18
Calculate the greatest common factor of 1312 and 9881.
41
What is the highest common factor of 13621 and 2570?
257
Calculate the greatest common divisor of 60 and 42324.
12
What is the highest common factor of 1737 and 21591?
9
What is the highest common divisor of 19720 and 37410?
290
Calculate the greatest common divisor of 7776 and 1848.
24
What is the highest common divisor of 23 and 612?
1
What is the greatest common divisor of 170238 and 510?
102
Calculate the greatest common factor of 3318482 and 821.
821
What is the greatest common factor of 86 and 240671?
43
Calculate the highest common divisor of 688 and 47152.
16
What is the highest common divisor of 1672 and 48136?
88
What is the greatest common factor of 2224 and 363068?
556
Calculate the highest common factor of 639105 and 7535.
685
What is the highest common factor of 1152 and 113616?
144
Calculate the greatest common factor of 11857 and 86005.
167
Calculate the greatest common divisor of 16569 and 808199.
1841
Calculate the highest common divisor of 9129 and 33711.
51
Calculate the greatest common factor of 495245 and 555.
185
What is the greatest common divisor of 252 and 20692?
28
Calculate the greatest common factor of 214625 and 250.
125
Calculate the greatest common factor of 1147657 and 1463.
133
What is the greatest common factor of 3198 and 1053?
39
What is the highest common divisor of 30 and 156795?
15
What is the highest common divisor of 278260 and 10?
10
What is the greatest common factor of 1524408 and 76?
76
What is the highest common factor of 701334 and 1269?
423
What is the highest common factor of 7280 and 630?
70
What is the greatest common divisor of 672 and 903?
21
What is the greatest common factor of 5103 and 19089?
189
Calculate the highest common factor of 2173 and 1653653.
2173
Calculate the highest common divisor of 21438 and 13176.
54
What is the highest common divisor of 247 and 120029?
13
Calculate the highest common factor of 4 and 167788.
4
Calculate the greatest common factor of 10 and 1609945.
5
What is the greatest common divisor of 953950 and 50?
50
Calculate the greatest common factor of 159 and 1618037.
53
What is the highest common divisor of 3330 and 253450?
370
Calculate the greatest common divisor of 28600 and 13910.
130
Calculate the highest common factor of 126 and 6041.
7
What is the highest common factor of 159019 and 7?
7
What is the highest common factor of 12 and 1269504?
12
What is the greatest common factor of 168 and 460488?
168
What is the greatest common divisor of 218739 and 153?
51
What is the highest common divisor of 4769 and 3765?
251
What is the highest common factor of 6400 and 656?
16
Calculate the greatest common factor of 96 and 745376.
32
Calculate the greatest common factor of 51952 and 1360.
272
What is the greatest common divisor of 55029 and 2958?
51
What is the greatest common divisor of 1242 and 24702?
138
Calculate the greatest common divisor of 6035237 and 157.
157
What is the greatest common divisor of 1192 and 221563?
149
What is the highest common factor of 180 and 2469?
3
Calculate the greatest common divisor of 310 and 150009.
31
What is the greatest common factor of 105073 and 2935?
587
Calculate the highest common factor of 17248 and 12188.
44
What is the greatest common divisor of 119049 and 2835?
21
What is the highest common divisor of 864 and 34848?
288
What is the highest common divisor of 175450 and 50?
50
Calculate the greatest common divisor of 419992 and 376.
376
Calculate the highest common factor of 61404 and 36924.
204
Calculate the highest common divisor of 6596 and 680.
68
Calculate the greatest common factor of 305 and 4246393.
61
Calculate the highest common factor of 6120 and 1692.
36
Calculate the highest common factor of 4635663 and 201.
201
What is the highest common factor of 316 and 265756?
316
Calculate the greatest common divisor